 = i**2 + 2 + 2*i**3 - 3*i**3 + 0*i + z + 2*i. Let h = -6 + 9. Determine r(h).
-9
Let w(q) = q + 2. Let m = -170 - -175. What is w(m)?
7
Let u(c) = 8*c - 3. Suppose 4*p - 3 = 5*p. What is u(p)?
-27
Suppose -w + 2*t + 7 = 0, 0*w = 3*w - t - 11. Suppose -2*y = w*y - 30. Let x(v) = -v**3 + 5*v**2 + 7*v - 7. Determine x(y).
-1
Let v(w) = 23*w + 28*w - 55*w. What is v(1)?
-4
Let j(l) be the first derivative of -l**3/3 + l + 1. Suppose 4*r - 20 = -4. Suppose 0 = -h - r*a - 19, 3*h = -0*h + 2*a - 1. What is j(h)?
-8
Let z be (3/6)/((-2)/16). Let d(o) be the second derivative of 3*o - 1/6*o**3 - 1/2*o**2 + 0. What is d(z)?
3
Let z(h) = h + 3. Let a be z(-1). Let k = a - -2. Let s(n) = -2*n - 10. Let o(l) = -l - 1. Let f(r) = 5*o(r) - s(r). Give f(k).
-7
Let m be 33*(-1 - 8/(-6)). Suppose -m = -3*h - 5. Let c(w) = -w**3 + 5*w**2 - 3*w. What is c(h)?
6
Let f(l) be the first derivative of l**2 - 5*l - 10. Calculate f(6).
7
Suppose 2 - 4 = -l. Suppose 4 = 5*a + 4*w + l, -a = 4*w + 6. Let p(d) = -6*d + 3. Calculate p(a).
-9
Let u(p) = -p**3 + p - 7*p**2 - 2 + 8*p**2 - 6*p**2 + 2*p**3. Calculate u(4).
-14
Suppose 1 - 3 = -2*c. Let k be -3*(c - (-11)/(-3)). Suppose 4*w = -0*w + k. Let t(y) = -2*y. Determine t(w).
-4
Suppose 5*w + 3*n = -1, 2*n - 2 = -4*w - 4. Let k be (-9)/w*4/6. Let z(s) = -2*s**2 - k*s - 1 + s**2 + 2*s + 2*s. Determine z(1).
-1
Let g(s) = -2*s + 6. Let z(q) = -22*q - 7. Let r be z(-6). Let n be 2/(-12) + r/30. Calculate g(n).
-2
Let f(h) = 2*h - 6. Let d be f(6). Let a(z) be the first derivative of z**3/3 - 4*z**2 + 7*z - 3. Calculate a(d).
-5
Suppose s = -5*d - 9 - 21, 2*d = 2*s. Let h = d - -3. Let i(t) be the first derivative of -t**4/4 - t**3/3 - 3*t**2/2 - 3*t - 44. Calculate i(h).
7
Let f(v) = -3*v - 3. Let s(g) = -10*g - 10. Let d(c) = 7*f(c) - 2*s(c). What is d(3)?
-4
Let w(a) = 3*a**3 - 3*a**2 + 5*a**2 + 0*a**3 - 2*a + a. Give w(-2).
-14
Let o(h) = -h**3 + 5*h**2 - 3*h + 1. Let t = 5 - 1. Let a be o(t). Suppose 5*g + 23 = -4*l - a, -4*l - 3*g = 20. Let u(f) = -3*f**2 - f + 1. Calculate u(l).
-9
Let n(d) = -8*d**2 - 7*d + 14. Let z(s) = -7*s**2 - 7*s + 12. Let h(k) = -6*n(k) + 7*z(k). Give h(-6).
6
Suppose -19 - 6 = 5*d. Let m(p) = -3*p**2 + 5*p. Let b(y) = 4*y**2 - 8*y - 1. Let f(v) = -5*b(v) - 7*m(v). Give f(d).
5
Let c(s) = -s**3 + 3*s**2 - 7*s + 5. Let t(f) = -2*f**3 + 7*f**2 - 13*f + 10. Let q(b) = 5*c(b) - 3*t(b). What is q(5)?
-10
Let k(d) = -21*d - d**2 + 2*d**2 + 18*d. Let v be k(4). Let l(u) = u - u + 7 - u. Calculate l(v).
3
Let k(j) be the third derivative of -j**9/60480 + j**8/3360 + j**7/5040 - j**6/360 - j**5/15 + j**2. Let t(a) be the third derivative of k(a). Give t(6).
4
Suppose -4*w - w = 5. Let j(b) = 12*b**3 - b**2 - 2*b - 1. Determine j(w).
-12
Let n(u) be the first derivative of 6*u + 1/3*u**3 - 8 - 4*u**2. Calculate n(6).
-6
Let v(f) be the third derivative of f**4/24 + f**3/6 + f**2. Let g(d) = 2*d**2 + 6*d. Let x be g(-4). Let n = -3 + x. Give v(n).
6
Let t(m) = m**2 - m - 1. Let v be t(3). Let s(n) = n + 4. Let y be s(-4). Let d(f) = y*f**2 + 5*f + 5*f**3 - 6*f**2 - 2 - 4*f**3. What is d(v)?
-2
Let w(h) = -h**2 - 3*h + 5. Let r be w(-4). Let z(y) = y**2 + 1. Let i(t) = 5*t**2 - t + 5. Let j(a) = -2*i(a) + 9*z(a). Determine j(r).
0
Let y(a) = 3*a**2 + a - 7 + 6 + 4*a**3 - 3*a**3. Let r be 27/5 - (-4)/(-10). Suppose 21 + 4 = -r*x + 5*o, -x = o - 1. Determine y(x).
1
Suppose -58 = -6*c - 40. Let j(b) = -2*b + 4. Give j(c).
-2
Let r = -103 - -108. Let u(l) be the first derivative of 3*l**2 + 2*l - 1/3*l**3 - 1. Give u(r).
7
Let v = -62 + 60. Let w(k) = -3*k**3 - 2*k**2. Calculate w(v).
16
Let z = 77 - 54. Suppose -4*f = -z + 7. Suppose 8*t + 4 = f*t. Let r(s) = -2*s. Give r(t).
2
Suppose -18*v + 7*v = 33. Let k(x) = -x**2 - 3*x - 1. Give k(v).
-1
Let i(c) be the third derivative of -c**6/360 + c**5/120 - 5*c**4/24 - c**3/3 - 2*c**2. Let h(t) be the first derivative of i(t). Give h(0).
-5
Let g(l) = -l + 10. Let d be g(10). Let a(c) be the third derivative of 0 + d*c + 0*c**4 + 1/6*c**3 + 3*c**2 + 7/60*c**5. Determine a(-1).
8
Let u(r) = 59*r - 31*r - 27*r - 1. What is u(-4)?
-5
Let m(o) be the first derivative of -3*o**2 + 3*o - 2. Let r(d) = -2*d + 1. Let z = 4 - -3. Let p(f) = z*r(f) - 2*m(f). What is p(-1)?
3
Let f(i) = 3*i**3 + 10*i**2 + i + 5. Let d(j) = 0 + 5*j**2 + 0 + 2 + j**3. Let l(h) = -5*d(h) + 2*f(h). Let w be (0 - (-2)/5)*10. Determine l(w).
-8
Let s(r) be the second derivative of r**5/120 - 3*r**3/2 + r. Let t(n) be the second derivative of s(n). Determine t(-5).
-5
Let b = -13 + 15. Let i(o) = o**2 - o - 1. Give i(b).
1
Let t(v) be the second derivative of -v**4/12 - 2*v**3/3 + 3*v**2/2 + v. Suppose -2*s = -6 - 4. Let r be (s/3)/(4/(-12)). What is t(r)?
-2
Let l(p) = p**2 + 6*p + 2. Let w(b) = -b. Let h(o) = l(o) + 3*w(o). Determine h(-4).
6
Suppose -4*a - 2 = -18. Let x be 0*(-1)/a*2. Let s(j) = 7 - 3*j - 1 + 2*j. What is s(x)?
6
Let q(m) = m**3 - m**2 - 4*m + 1. Let r(a) = -2*a + 2 + a + 0*a - 7. Let z be r(-8). Calculate q(z).
7
Let m(i) = 2*i + 10. Let n be (4 + (-18)/(-6))/(-1). Give m(n).
-4
Suppose 2*z = 19 - 13. Let c(b) be the third derivative of -3*b**2 + 1/24*b**4 + 0 - b**z + 0*b. Calculate c(4).
-2
Suppose 4*f + i + 14 = 0, -4*f + i = 8 + 2. Let m(k) = k**3 + 3*k**2 + 2*k + 2. Calculate m(f).
-4
Suppose 3*w - c = -w + 4, 0 = -4*w - c - 4. Let t(u) = u**2 - u - 1. Let r(f) = -f**3 - 4*f**2 + 4*f + 10. Let g(k) = r(k) + 3*t(k). Calculate g(w).
7
Suppose 3*f - 3 - 10 = m, 7 = m + f. Let x(p) = 5*p**2 + p**3 - p - 3*p**m - p**2 + 4 + p**2. Calculate x(-3).
-2
Let s be (-7)/(14/(-4)) - 4. Let w be (5 + -3)*5/s. Let f(d) = -10*d**2 - 5*d - 7. Let j(m) = 3*m**2 + 2*m + 2. Let x(k) = -2*f(k) - 7*j(k). Calculate x(w).
-5
Let t be (-4)/(-6)*(-30)/4. Let p = -1 - t. Let q(d) = -p*d + 19 + d**3 - 16 - 6*d**2 + 10*d. Determine q(5).
8
Suppose -b + 5*b = 0. Let l(d) = -d**2 - d + 14. Determine l(b).
14
Let t = -10 - -17. Let w(h) = h**3 - 11 - 2*h**2 - 8*h + t*h**2 + 3. What is w(-6)?
4
Let g(h) = -h**3 - 4*h**2 - 4*h - 1. Let k be g(-2). Let n(m) = 3*m - 2*m - 3*m. Give n(k).
2
Let x(l) = -l**2 + l - 1. Let g(q) = -5*q**2 + 8*q - 1. Let w(z) = -g(z) + 4*x(z). Suppose -4*p + 8*p = 20. Give w(p).
2
Let k(u) = 4*u - 2. Let p(m) = -5 + 4*m - 4 + 6. Let s(x) = 5*k(x) - 4*p(x). Give s(-2).
-6
Let z(s) = -s - 1. Let r(b) = -1. Let i(y) = -r(y) - 3*z(y). Calculate i(-3).
-5
Let h be 8/28 + (-19)/(-7). Let r(f) = f - 3. Let d(b) = -5*b + 12. Let s(o) = 2*d(o) + 9*r(o). What is s(h)?
-6
Let k be 0/(5/((-5)/2)). Let l be -2 - (-1 - 0) - -3. Let f(y) = 3*y**3 - l*y**3 - 2*y**3 + y**2. Give f(k).
0
Let c(h) = h**2 + 4*h + 6. Let v(n) be the second derivative of n**2 + 1/6*n**3 - 1/12*n**4 + 2*n + 0. Let i be v(3). Determine c(i).
6
Let g(o) = -o**3 + o**2 - 8*o**2 - 5 - 2 - 6*o. Suppose q + 4*t = -2, 0*t + 4 = 4*t. What is g(q)?
-7
Let r(f) = 2*f**2 - 7*f - 6. Let x(a) = a**2 + a - 1. Let w(g) = r(g) - 3*x(g). Calculate w(-9).
6
Let a = 15 - 15. Let y(m) = -m**2 + 2*m - 8. Let s(f) be the second derivative of -f**4/6 + f**3/2 - 4*f**2 + f. Let h(l) = 2*s(l) - 3*y(l). Determine h(a).
8
Let l(r) = r**2 - r - 1. Let x(h) = 7*h**2 - 13*h. Let w(b) = 6*l(b) - x(b). Let j be w(6). Let z(t) = -t**2 + t + 12. Determine z(j).
12
Suppose 2*m - 10 = 5*w, -3*m + 5 - 3 = -w. Let i(c) = -c**2 + c. Determine i(w).
-6
Suppose 2*l - l = 6. Let s(d) = -d + 5. Calculate s(l).
-1
Let z(r) = r**3 + 13*r**2 - 15*r - 20. Let y be z(-14). Let o(m) = -m**2 - 7*m + 4. What is o(y)?
10
Let w(v) be the third derivative of v**4/8 - v**3 - 3*v**2. Suppose 4*t = -t. Suppose t = -3*f - 2 + 14. Give w(f).
6
Let t(q) = q**2 + 2*q + 2. Let b be t(-2). Let y(c) = -2*c**2 + 0*c**2 + 2*c**2 + c**2 + b + 3*c. Suppose 0 = 5*k + x + 9, 5*k + 11 = x. Determine y(k).
0
Suppose 2*y + h = -2*y + 15, 2*h - 10 = -4*y. Let m(l) = 3*l + 9 - 2*l - 8. Calculate m(y).
6
Let y(p) be the third derivative of 0 + 0*p + 0*p**3 + p**2 + 1/6*p**4 + 1/60*p**5. Let r(b) = b**3 + 6*b**2 + 2*b + 8. Let x be r(-6). Give y(x).
0
Let d(q) = -2*q. Let g(y) = -5*y - 1. Let f(v) = -6*d(v) + 2*g(v). Let n(m) = m**2 - 2*m - 1. Let x be n(3). Determine f(x).
2
Let t(o) = o - 1. Let x(c) = -c**3 + 2*c**2 - 4*c + 4. Let f(y) = -3*t(y) - x(y). Suppose -4*j + 15 = -5*q, -4*q 